common divisor of 352 and z.
44
Let c(n) = 5*n**2 + 3*n**2 - 9*n + 1 - 14*n**2 + 5*n**2. Let u be c(-8). What is the highest common divisor of u and 9?
9
Suppose 5*n - 20 = j, -8 = -3*j + 2*n - 3. Let r(o) = 65*o + 70. Let s be r(-1). Calculate the highest common divisor of j and s.
5
Suppose q - 4 = -4*f + 5*f, -f = 4*q - 31. Suppose q*z + 800 = 2368. Suppose -9*i + z = -i. Calculate the greatest common divisor of 112 and i.
28
Let k(u) = 2*u**3 + 105*u**2 - 85*u - 578. Let a be k(-53). What is the greatest common divisor of a and 774?
86
Let f(g) be the second derivative of -g**5/20 + g**3/6 + 75*g**2 - 4*g + 7. Let i be f(0). Calculate the greatest common factor of i and 30.
30
Let p(n) = 3*n - 14. Let y be p(5). Let c be (-12)/66 + ((-42)/11 - y). Let a be ((504/(-15))/6)/(1/c). Calculate the highest common factor of 252 and a.
28
Let v be 56/(-2)*(-7)/2. Let g be 3*(-4)/6 + v. What is the highest common divisor of 12 and g?
12
Let r be (8 + (9 - 10 - 2050) + -9)*-1. Calculate the highest common factor of r and 540.
108
Suppose -v = 5*q - 9432 - 8881, -2*q - 5*v + 7316 = 0. Calculate the highest common factor of q and 999.
333
Let v(n) = 41*n + 47. Suppose -4*k = d - 17, -d - 5*k + 3*k = -13. Let o be v(d). Calculate the highest common divisor of 13 and o.
13
Let w = 3482 - 3321. Calculate the greatest common factor of w and 21.
7
Suppose -z = -3, -178*h + 25 = -177*h - z. Calculate the greatest common divisor of h and 19124.
28
Let j = -598 - -690. Suppose -3*u + 7*u - 357 = -5*f, -5*u + 84 = f. What is the greatest common factor of f and j?
23
Suppose 362*i - 1631 - 3074 = 6879. Calculate the greatest common divisor of i and 3592.
8
Let s(q) = 10*q + 195. Let y be s(-19). Suppose y*u + 343 = -7*x + 8*x, -5*u - 1079 = -3*x. Calculate the greatest common divisor of 276 and x.
92
Suppose 89*i + 7719 = 3*b + 90*i, 2*b - 4*i - 5146 = 0. Calculate the highest common divisor of 62 and b.
31
Suppose 0 = 819*y - 827*y + 1760. What is the highest common divisor of y and 275?
55
Let c be 3 - ((-25)/(-5) + -5). Suppose -5*d = -c*o + 2*o + 21, o + 4*d - 3 = 0. What is the greatest common divisor of 319 and o?
11
Let x(d) = 22*d**2 + d + 1. Let u be x(2). Let b be (3*(-56)/(-72))/((-4)/(-12)). Suppose -b*s + 0*s + 91 = 0. What is the highest common factor of s and u?
13
Let b = -454 + 228. Let i = 283 + b. What is the highest common factor of i and 38?
19
Let c(g) = 3*g - 11. Let s = -4 - 25. Let o = s + 36. Let i be c(o). Calculate the greatest common divisor of i and 70.
10
Let g be (6/21)/(((-6)/15)/(399/(-15))). What is the greatest common factor of g and 8930?
19
Suppose 3*s - 13 = -3*v - 1, 3*s = v. Suppose -7*b + v*b = t - 658, 497 = 3*b - t. What is the greatest common factor of 110 and b?
55
Suppose 3*h = 5*h - 46. Suppose 0 = -0*o + o + 5*y + h, -5*o - y - 115 = 0. Let b = o - -34. What is the greatest common factor of 55 and b?
11
Suppose 4*l - 13 = 5*u, -24 + 11 = -5*l + 3*u. Suppose 3*c = l*h + 4*c - 69, -3*c + 37 = h. Calculate the highest common factor of 153 and h.
17
Suppose 3*s - 644 = 2*z, 2*z = 5*s - 2*z - 1072. Let l(t) = -t + 30. Let x be l(6). Calculate the greatest common divisor of s and x.
24
Let y = 9 + -5. Let x(w) = 16*w**3 + 722*w**2 + 92*w + 92. Let o be x(-45). Calculate the greatest common divisor of o and y.
2
Suppose 2*f = -2*k + 996, -826 = -4*f + 2*k + 1154. What is the greatest common factor of f and 272?
16
Suppose -161658 - 104902 = -34*a. What is the greatest common factor of a and 20?
20
Let f = 9 + -6. Suppose f*m + 240 = 456. Calculate the greatest common divisor of m and 64.
8
Let o = 15941 - 15911. Calculate the greatest common factor of o and 75.
15
Suppose -4*w + 32 - 2 = 5*y, 5*y + w = 15. Let b be 3 - ((-2 - -1) + 2). Let p be (y + (-13)/b)*(-84)/3. What is the highest common divisor of 14 and p?
14
Let u be (-6 - (-63)/18)*(3 + -69). Calculate the highest common factor of 4895 and u.
55
Let s be (-135)/((-225)/27 + 8). Calculate the greatest common divisor of s and 1539.
81
Let c(h) = h**2 + 5*h + 2. Let q be c(-6). Suppose -32*f = 359 + 409. Let g be 56/(-42)*f*4. Calculate the highest common factor of q and g.
8
Let q = 64 + -60. Let c be q*(-3 + 2) + 13. Let s be (-10)/(-45) - (-1006)/c. What is the highest common factor of 28 and s?
28
Let o be (82 - 6)*1*15/2. What is the highest common factor of o and 228?
114
Suppose -141*j = -74*j - 110349. What is the highest common divisor of 108 and j?
27
Suppose -26*r - 447 = -29*r + 21*i, r = -2*i + 212. Let t = -46 - -82. Calculate the greatest common factor of t and r.
18
Let w = 17 - 34. Let t = 41 + w. Suppose -136 = -5*l + 4*v, -747*v = -744*v - 18. Calculate the highest common divisor of t and l.
8
Suppose 0*d + d = 1. Let h = -27959 - -28023. Calculate the greatest common factor of h and d.
1
Let m = 6828 - -846. What is the greatest common divisor of m and 12?
6
Suppose -l + 0 - 16 = 0. Let x = -25 + -23. Let d = l - x. What is the greatest common divisor of 288 and d?
32
Suppose 15*a = 16*a - 4*w - 92, -2*a - 3*w + 118 = 0. Calculate the highest common divisor of a and 1024.
4
Suppose 246*h = 232*h + 9744. Calculate the highest common factor of 261 and h.
87
Let r(l) = -l**3 - 15*l**2 - 4*l - 7. Let g be (-5)/(76/12 + -6). Let m be r(g). Calculate the greatest common factor of m and 53.
53
Let f(u) = -u**2 - u + 45. Let v be f(0). Let a = 33 + -79. Let p = -37 - a. Calculate the greatest common divisor of p and v.
9
Suppose -b = -4, 3*b = -x - 4*x + 462. Calculate the greatest common divisor of 1830 and x.
30
Let z = -16430 + 28008. Calculate the highest common factor of z and 14.
14
Let h be 4/6*15/2. Suppose -180 = -0*f - h*f. Let x = -24 + f. Calculate the greatest common divisor of x and 18.
6
Let x = 673 - -29. Let b = 718 - x. Suppose 0*a = 3*m - 2*a - 522, -5*m = 4*a - 892. What is the greatest common divisor of m and b?
16
Let f = 9 + -3. Let w = 815 - 529. Let u = -232 + w. What is the highest common divisor of f and u?
6
Let w(t) = -8*t - 6. Let p be w(5). Let b = -2504 + 2478. Let g = b - p. Calculate the highest common factor of 80 and g.
20
Let w(d) = 2*d**2 - 5*d - 227. Let u be w(-11). Suppose 8*p = 3*p + 1050. Calculate the greatest common factor of p and u.
70
Suppose -19*f - 4701 + 5309 = 0. Calculate the greatest common factor of 224 and f.
32
Suppose 0*w - 4*d = -2*w - 30, 2*d = 2*w + 26. Let s be (0/(-2) + -68)*w/44. What is the highest common factor of 85 and s?
17
Let l = -23034 + 23060. What is the highest common factor of 7969 and l?
13
Let j = -4294 - -10081. What is the greatest common factor of j and 27?
9
Let l be -138*(-11)/(198/12). Calculate the highest common factor of 1081 and l.
23
Let l(q) = 1776 + 12*q + 1766 - 3563. Let n = 2 - -5. Let a be l(n). Calculate the greatest common factor of a and 7.
7
Suppose 0 = -19*w + 20*w. Suppose w = 5*z + 2*r - 874, 4*r + 324 = -4*z + 1016. Calculate the greatest common divisor of z and 22.
22
Suppose 0 = 2*s + i - 712, -228 + 2004 = 5*s + 3*i. What is the greatest common divisor of 100 and s?
20
Let h(r) = 2*r**2 + 4*r + 4. Let f be h(-2). Suppose f = i + 5. Let g(b) = 21*b**2 - b - 1. Let z be g(i). What is the highest common divisor of 147 and z?
21
Suppose -2*r - 273*u + 75 = -268*u, 3*u - 3 = 0. What is the highest common factor of 1435 and r?
35
Let c(u) = -u**3 + 26*u**2 + 87*u - 1727. Let d be c(20). Calculate the highest common factor of 381 and d.
127
Suppose 4*c = j + 40, -3*j = -0*j - 2*c + 140. Let v = -46 - j. What is the highest common factor of v and 26?
2
Let l be 6/(-15)*15/12*2. Let o be (l/(3/108))/((-2)/1). What is the greatest common divisor of o and 9?
9
Let b = 3011 + -2929. Calculate the highest common divisor of b and 656.
82
Let d be 7 - -1 - (-4 - -2). Suppose -r = -3*x - 2*r + d, -x - 3*r - 2 = 0. Suppose -x*u - 38 = -338. What is the greatest common factor of u and 15?
15
Let t be (-7)/(64/6 + -13). What is the highest common divisor of t and 141?
3
Suppose 5*w - 2*u + 0 + 38 = 0, -18 = 5*w + 3*u. Let g = w - -22. What is the highest common divisor of 24 and g?
8
Suppose -145*o + 1430 = -135*o. Suppose 0 = 20*s - 377 - o. Calculate the greatest common divisor of s and 286.
26
Let t be (-112)/(-70)*(-5)/2. Let a(p) = -2*p**3 - 5*p**2 - 9*p -